{"id":1677,"date":"2024-02-26T13:32:32","date_gmt":"2024-02-26T11:32:32","guid":{"rendered":"https:\/\/lasido.de\/?page_id=1677"},"modified":"2024-02-26T13:32:32","modified_gmt":"2024-02-26T11:32:32","slug":"musiklehrer","status":"publish","type":"page","link":"https:\/\/lasido.de\/?page_id=1677","title":{"rendered":"Musiklehrer"},"content":{"rendered":"\n<div class=\"wp-block-columns is-layout-flex wp-container-core-columns-is-layout-28f84493 wp-block-columns-is-layout-flex\">\n<div class=\"wp-block-column is-layout-flow wp-block-column-is-layout-flow\">\n<figure class=\"wp-block-image size-large is-style-default\"><a href=\"https:\/\/lasido.de\/wordpress\/wp-content\/uploads\/2016\/01\/Instrumente-2015-5.jpg\"><img loading=\"lazy\" decoding=\"async\" width=\"1024\" height=\"768\" src=\"https:\/\/lasido.de\/wordpress\/wp-content\/uploads\/2016\/01\/Instrumente-2015-5-1024x768.jpg\" alt=\"\" class=\"wp-image-186\" style=\"aspect-ratio:1;object-fit:cover\" srcset=\"https:\/\/lasido.de\/wordpress\/wp-content\/uploads\/2016\/01\/Instrumente-2015-5-1024x768.jpg 1024w, https:\/\/lasido.de\/wordpress\/wp-content\/uploads\/2016\/01\/Instrumente-2015-5-600x450.jpg 600w, https:\/\/lasido.de\/wordpress\/wp-content\/uploads\/2016\/01\/Instrumente-2015-5-300x225.jpg 300w, https:\/\/lasido.de\/wordpress\/wp-content\/uploads\/2016\/01\/Instrumente-2015-5-768x576.jpg 768w, https:\/\/lasido.de\/wordpress\/wp-content\/uploads\/2016\/01\/Instrumente-2015-5.jpg 1280w\" sizes=\"auto, (max-width: 1024px) 100vw, 1024px\" \/><\/a><\/figure>\n<\/div>\n\n\n\n<div class=\"wp-block-column is-layout-flow wp-block-column-is-layout-flow\">\n<figure class=\"wp-block-image size-large is-style-default\"><a href=\"https:\/\/lasido.de\/wordpress\/wp-content\/uploads\/2016\/01\/Instrumente-2015-2.jpg\"><img loading=\"lazy\" decoding=\"async\" width=\"1024\" height=\"768\" src=\"https:\/\/lasido.de\/wordpress\/wp-content\/uploads\/2016\/01\/Instrumente-2015-2-1024x768.jpg\" alt=\"\" class=\"wp-image-183\" style=\"aspect-ratio:1;object-fit:cover\" srcset=\"https:\/\/lasido.de\/wordpress\/wp-content\/uploads\/2016\/01\/Instrumente-2015-2-1024x768.jpg 1024w, https:\/\/lasido.de\/wordpress\/wp-content\/uploads\/2016\/01\/Instrumente-2015-2-600x450.jpg 600w, https:\/\/lasido.de\/wordpress\/wp-content\/uploads\/2016\/01\/Instrumente-2015-2-300x225.jpg 300w, https:\/\/lasido.de\/wordpress\/wp-content\/uploads\/2016\/01\/Instrumente-2015-2-768x576.jpg 768w, https:\/\/lasido.de\/wordpress\/wp-content\/uploads\/2016\/01\/Instrumente-2015-2.jpg 1280w\" sizes=\"auto, (max-width: 1024px) 100vw, 1024px\" \/><\/a><\/figure>\n<\/div>\n\n\n\n<div class=\"wp-block-column is-layout-flow wp-block-column-is-layout-flow\">\n<figure class=\"wp-block-image size-large is-style-default\"><a href=\"https:\/\/lasido.de\/wordpress\/wp-content\/uploads\/2016\/01\/Instrumente-2015-1.jpg\"><img loading=\"lazy\" decoding=\"async\" width=\"1024\" height=\"768\" src=\"https:\/\/lasido.de\/wordpress\/wp-content\/uploads\/2016\/01\/Instrumente-2015-1-1024x768.jpg\" alt=\"\" class=\"wp-image-182\" style=\"aspect-ratio:1;object-fit:cover\" srcset=\"https:\/\/lasido.de\/wordpress\/wp-content\/uploads\/2016\/01\/Instrumente-2015-1-1024x768.jpg 1024w, https:\/\/lasido.de\/wordpress\/wp-content\/uploads\/2016\/01\/Instrumente-2015-1-600x450.jpg 600w, https:\/\/lasido.de\/wordpress\/wp-content\/uploads\/2016\/01\/Instrumente-2015-1-300x225.jpg 300w, https:\/\/lasido.de\/wordpress\/wp-content\/uploads\/2016\/01\/Instrumente-2015-1-768x576.jpg 768w, https:\/\/lasido.de\/wordpress\/wp-content\/uploads\/2016\/01\/Instrumente-2015-1.jpg 1280w\" sizes=\"auto, (max-width: 1024px) 100vw, 1024px\" \/><\/a><\/figure>\n<\/div>\n<\/div>\n\n\n\n<p><strong>Qualifikation<\/strong>: p\u00e4dagogisches Diplom, verliehen durch die Hochschule Augsburg-N\u00fcrnberg in Kooperation mit dem Richard-Strauss-Konservatorium M\u00fcnchen im Juli 2003<\/p>\n\n\n\n<p><em>Diplommusiklehrer<\/em><\/p>\n\n\n\n<p>Hauptfach:&nbsp;<strong>Volksmusik<\/strong><\/p>\n\n\n\n<p>Zusatzf\u00e4cher (mit Lehrberechtigung):<br>\u2013&nbsp;<strong>Hackbrett<\/strong><br>\u2013&nbsp;<strong>Zither<\/strong><br>\u2013&nbsp;<strong>Kontrabass<\/strong><\/p>\n\n\n\n<p>Diplomarbeit:&nbsp;<a href=\"http:\/\/www.volksmusikbass.de\/\" target=\"_blank\" rel=\"noreferrer noopener\">www.volksmusikbass.de<\/a><\/p>\n\n\n\n<p>P\u00e4dagogische T\u00e4tigkeiten:<\/p>\n\n\n\n<ul class=\"wp-block-list\">\n<li>Privater Musikunterricht in der Gemeinde Syrgenstein<\/li>\n\n\n\n<li>Dozent bei Seminaren in Deutschland, \u00d6sterreich und der Schweiz<\/li>\n\n\n\n<li>Workshops an der Musikhochschule M\u00fcnchen, Bruckner Uni Linz, University of Cincinnati, \u2026<\/li>\n\n\n\n<li>Juror bei \u201eJugend musiziert\u201c und \u201eprima la musica\u201c bis auf Bundesebene<\/li>\n\n\n\n<li>Erfolge mit Sch\u00fcler bei \u201eJugend musiziert\u201c (Bundeswettbewerb)<\/li>\n<\/ul>\n\n\n\n<figure class=\"wp-block-image size-large is-style-default\"><a href=\"https:\/\/lasido.de\/wordpress\/wp-content\/uploads\/2024\/02\/Joerg-Lanzinger-2024-1-scaled.jpeg\"><img loading=\"lazy\" decoding=\"async\" width=\"768\" height=\"1024\" src=\"https:\/\/lasido.de\/wordpress\/wp-content\/uploads\/2024\/02\/Joerg-Lanzinger-2024-1-768x1024.jpeg\" alt=\"\" class=\"wp-image-1626\" srcset=\"https:\/\/lasido.de\/wordpress\/wp-content\/uploads\/2024\/02\/Joerg-Lanzinger-2024-1-768x1024.jpeg 768w, https:\/\/lasido.de\/wordpress\/wp-content\/uploads\/2024\/02\/Joerg-Lanzinger-2024-1-225x300.jpeg 225w, https:\/\/lasido.de\/wordpress\/wp-content\/uploads\/2024\/02\/Joerg-Lanzinger-2024-1-1152x1536.jpeg 1152w, https:\/\/lasido.de\/wordpress\/wp-content\/uploads\/2024\/02\/Joerg-Lanzinger-2024-1-1536x2048.jpeg 1536w, https:\/\/lasido.de\/wordpress\/wp-content\/uploads\/2024\/02\/Joerg-Lanzinger-2024-1-scaled.jpeg 1920w\" sizes=\"auto, (max-width: 768px) 100vw, 768px\" \/><\/a><\/figure>\n","protected":false},"excerpt":{"rendered":"<p>Qualifikation: p\u00e4dagogisches Diplom, verliehen durch die Hochschule Augsburg-N\u00fcrnberg in Kooperation mit dem Richard-Strauss-Konservatorium M\u00fcnchen im Juli 2003 Diplommusiklehrer Hauptfach:&nbsp;Volksmusik Zusatzf\u00e4cher (mit Lehrberechtigung):\u2013&nbsp;Hackbrett\u2013&nbsp;Zither\u2013&nbsp;Kontrabass Diplomarbeit:&nbsp;www.volksmusikbass.de P\u00e4dagogische T\u00e4tigkeiten:<\/p>\n","protected":false},"author":1,"featured_media":0,"parent":299,"menu_order":2,"comment_status":"closed","ping_status":"closed","template":"","meta":{"footnotes":""},"class_list":["post-1677","page","type-page","status-publish","hentry"],"_links":{"self":[{"href":"https:\/\/lasido.de\/index.php?rest_route=\/wp\/v2\/pages\/1677","targetHints":{"allow":["GET"]}}],"collection":[{"href":"https:\/\/lasido.de\/index.php?rest_route=\/wp\/v2\/pages"}],"about":[{"href":"https:\/\/lasido.de\/index.php?rest_route=\/wp\/v2\/types\/page"}],"author":[{"embeddable":true,"href":"https:\/\/lasido.de\/index.php?rest_route=\/wp\/v2\/users\/1"}],"replies":[{"embeddable":true,"href":"https:\/\/lasido.de\/index.php?rest_route=%2Fwp%2Fv2%2Fcomments&post=1677"}],"version-history":[{"count":1,"href":"https:\/\/lasido.de\/index.php?rest_route=\/wp\/v2\/pages\/1677\/revisions"}],"predecessor-version":[{"id":1679,"href":"https:\/\/lasido.de\/index.php?rest_route=\/wp\/v2\/pages\/1677\/revisions\/1679"}],"up":[{"embeddable":true,"href":"https:\/\/lasido.de\/index.php?rest_route=\/wp\/v2\/pages\/299"}],"wp:attachment":[{"href":"https:\/\/lasido.de\/index.php?rest_route=%2Fwp%2Fv2%2Fmedia&parent=1677"}],"curies":[{"name":"wp","href":"https:\/\/api.w.org\/{rel}","templated":true}]}}